{"id":501,"date":"2017-10-24T11:50:27","date_gmt":"2017-10-24T09:50:27","guid":{"rendered":"http:\/\/www.lammetun.no\/?page_id=501"},"modified":"2023-10-24T08:49:45","modified_gmt":"2023-10-24T06:49:45","slug":"utleige","status":"publish","type":"page","link":"https:\/\/www.lammetun.no\/?page_id=501","title":{"rendered":"Feriehus &#8211; Holiday homes"},"content":{"rendered":"\n<p class=\"wp-block-paragraph\">Vi leier ut hytter\/feriehus og leiligheter i ulike st\u00f8rrelser\/prisklasser, alle har innlagt vann og str\u00f8m. Klikk deg inn p\u00e5 de forskjellige hyttene\/feriehusene for \u00e5 se bilder og beskrivelse.<br>Mulighet for \u00e5 sette inn reiseseng for barn, barnestol o.l. gi beskjed p\u00e5 forh\u00e5nd.<br>Dyr er tillatt i alle utenom Skuta. (Tillegg for dyr i pris, 300 kr, det er lov med en hund\/katt per leilighet.<br>Dyr er ikke tillat \u00e5 ha opp i senger eller sofa. Hunder skal holdes i b\u00e5nd hele \u00e5ret ved lufting p\u00e5 v\u00e5re omr\u00e5der. <br>Hybelen og Lilighet 1 leier vi ut ned til 1 overnatting i gangen. De andre hyttene\/leilighetene leier vi ut mfor minimum 2 netter per booking. <br>N\u00e5r du booker for en uke eller flere f\u00e5r du avslag i d\u00f8gnprisen &#8211; kontakt oss for et godt tilbud. <br>L\u00e5ven, Skuta og Sj\u00f8bua har hver sin b\u00e5t knyttet til seg som kan leies i tillegg til hyttene. Info og priser om dette finner du under de ulike hyttene. <\/p>\n\n\n<hr \/>\n\n\n<p class=\"has-text-color wp-block-paragraph\" style=\"color:#0a2064\">We rent out holiday homes\/cabins. Click on the pictures below and you can see pictures and read descriptions about how they are. Its possible to put in bed\/chair for children. Pets are allowed in all of them exept on skuta\/the ship. (Extra cherge 300 NOK for, its allowed with one pet). Remember to always keep your dogs on a leash at the area. <br>The dorm room and Leilighet 1 is the only cabins we rent out for singl enights. The other cabins are possible to rent for 2 nights or more. <br>When booking for a week or more you get discount in the daily rate &#8211; ask us for a good price. <br>The barn, ship and seahouse has a boat attached to ech one available or booking when renting these cabins. information about the boat and prices you find at each cabin. <\/p>\n\n\n\n<figure class=\"wp-block-image is-style-rounded\"><a href=\"http:\/\/www.lammetun.no\/?page_id=12205\"><img fetchpriority=\"high\" decoding=\"async\" width=\"300\" height=\"225\" src=\"http:\/\/www.lammetun.no\/wp-content\/uploads\/2019\/06\/20190606_090354-300x225.jpg\" alt=\"\" class=\"wp-image-12268\" srcset=\"https:\/\/www.lammetun.no\/wp-content\/uploads\/2019\/06\/20190606_090354-300x225.jpg 300w, https:\/\/www.lammetun.no\/wp-content\/uploads\/2019\/06\/20190606_090354-768x576.jpg 768w, https:\/\/www.lammetun.no\/wp-content\/uploads\/2019\/06\/20190606_090354-1024x768.jpg 1024w, https:\/\/www.lammetun.no\/wp-content\/uploads\/2019\/06\/20190606_090354-285x214.jpg 285w\" sizes=\"(max-width: 300px) 100vw, 300px\" \/><\/a><figcaption class=\"wp-element-caption\"><br><\/figcaption><\/figure>\n\n\n\n<p class=\"wp-block-paragraph\">SKUTA \/ THE SHIP<\/p>\n\n\n\n<figure class=\"wp-block-image is-style-rounded\"><a href=\"http:\/\/www.lammetun.no\/?p=117\"><img decoding=\"async\" src=\"http:\/\/www.lammetun.no\/wp-content\/uploads\/2018\/10\/20180907_120538-300x146.jpg\" alt=\"\" class=\"wp-image-1791\"\/><\/a><\/figure>\n\n\n<p>L\u00c5VEN \/ THE BARN<\/p>\n<p><!--more--><\/p>\n\n\n<figure class=\"wp-block-image is-style-rounded\"><a href=\"http:\/\/www.lammetun.no\/?p=21\"><img decoding=\"async\" src=\"http:\/\/www.lammetun.no\/wp-content\/uploads\/2018\/10\/wp-image-300689141-768x1024sj\u00f8bua-300x236.jpg\" alt=\"\" class=\"wp-image-1838\"\/><\/a><\/figure>\n\n\n<p>BUA \/ THE SEAHOUSE<\/p>\n<p><!--more--><\/p>\n\n\n<figure class=\"wp-block-image is-style-rounded\"><a href=\"http:\/\/www.lammetun.no\/?p=1811\"><img decoding=\"async\" src=\"http:\/\/www.lammetun.no\/wp-content\/uploads\/2018\/10\/stor-taren-300x300.jpg\" alt=\"\" class=\"wp-image-1795\"\/><\/a><\/figure>\n\n\n<p>STOR TAREN \/ GREAT TARE<\/p>\n<p><!--more--><\/p>\n\n\n<figure class=\"wp-block-image is-style-rounded\"><a href=\"http:\/\/www.lammetun.no\/?p=127\"><img decoding=\"async\" src=\"http:\/\/www.lammetun.no\/wp-content\/uploads\/2018\/10\/Hybelen_Inngang-300x266.jpg\" alt=\"\" class=\"wp-image-1832\"\/><\/a><\/figure>\n\n\n<p>HYBELEN \/ THE DORM ROOM<\/p>\n<p><!--more--><\/p>\n<p>Book her:<br \/>Epost: Booking@lammetun.no<br \/>Tlf. +47 47 28 36 34\u00a0<br \/>Du finn oss og p\u00e5 Inter Chalet sine sider;<br \/><a href=\"https:\/\/www.interhome.de\/norwegen\/sunnfjord\/lammetu\/ferienhaus-skuta-fjs162-no1876.603.1\/#_ga=2.58424937.259727742.1698129857-1804951656.1698129857\" target=\"_blank\" rel=\"noopener\">Skuta<\/a><br \/><a href=\"https:\/\/www.interhome.de\/norwegen\/sunnfjord\/lammetu\/ferienhaus-laven-fjs161-no1876.602.1\/#_ga=2.96115551.259727742.1698129857-1804951656.1698129857\" target=\"_blank\" rel=\"noopener\">L\u00e5ven<\/a><br \/><a href=\"https:\/\/www.interhome.de\/norwegen\/sunnfjord\/lammetu\/ferienhaus-sjobua-fjs160-no1876.601.1\/#_ga=2.72981072.259727742.1698129857-1804951656.1698129857\" target=\"_blank\" rel=\"noopener\">Sj\u00f8bua<\/a><br \/><a href=\"https:\/\/www.interhome.de\/norwegen\/sunnfjord\/lammetu\/ferienhaus-stortaren-fjs164-no1876.605.1\/#_ga=2.72981072.259727742.1698129857-1804951656.1698129857\" target=\"_blank\" rel=\"noopener\">Stor Taren<\/a><br \/><a href=\"https:\/\/www.interhome.de\/norwegen\/sunnfjord\/lammetu\/ferienhaus-taren-fjs165-no1876.606.1\/#_ga=2.163683324.259727742.1698129857-1804951656.1698129857\" target=\"_blank\" rel=\"noopener\">Taren<\/a><\/p>","protected":false},"excerpt":{"rendered":"<p>Vi leier ut hytter\/feriehus og leiligheter i ulike st\u00f8rrelser\/prisklasser, alle har innlagt vann og str\u00f8m. Klikk deg inn p\u00e5 de forskjellige hyttene\/feriehusene for \u00e5 se bilder og beskrivelse.Mulighet for \u00e5 sette inn reiseseng for barn, barnestol o.l. gi beskjed p\u00e5 forh\u00e5nd.Dyr er tillatt i alle utenom Skuta. (Tillegg for dyr i pris, 300 kr, det &hellip; <\/p>\n","protected":false},"author":1,"featured_media":0,"parent":0,"menu_order":0,"comment_status":"closed","ping_status":"closed","template":"","meta":{"_crdt_document":"","footnotes":""},"class_list":["post-501","page","type-page","status-publish","hentry"],"yoast_head":"<!-- This site is optimized with the Yoast SEO plugin v27.5 - https:\/\/yoast.com\/product\/yoast-seo-wordpress\/ -->\n<title>Feriehus - Holiday homes - Lammetun Ferie &amp; Fritid<\/title>\n<meta name=\"robots\" content=\"index, follow, max-snippet:-1, max-image-preview:large, max-video-preview:-1\" \/>\n<link rel=\"canonical\" href=\"https:\/\/www.lammetun.no\/?page_id=501\" \/>\n<meta property=\"og:locale\" content=\"nb_NO\" \/>\n<meta property=\"og:type\" content=\"article\" \/>\n<meta property=\"og:title\" content=\"Feriehus - Holiday homes - Lammetun Ferie &amp; Fritid\" \/>\n<meta property=\"og:description\" content=\"Vi leier ut hytter\/feriehus og leiligheter i ulike st\u00f8rrelser\/prisklasser, alle har innlagt vann og str\u00f8m. Klikk deg inn p\u00e5 de forskjellige hyttene\/feriehusene for \u00e5 se bilder og beskrivelse.Mulighet for \u00e5 sette inn reiseseng for barn, barnestol o.l. gi beskjed p\u00e5 forh\u00e5nd.Dyr er tillatt i alle utenom Skuta. (Tillegg for dyr i pris, 300 kr, det &hellip;\" \/>\n<meta property=\"og:url\" content=\"https:\/\/www.lammetun.no\/?page_id=501\" \/>\n<meta property=\"og:site_name\" content=\"Lammetun Ferie &amp; Fritid\" \/>\n<meta property=\"article:publisher\" content=\"https:\/\/www.facebook.com\/lammetun.no\/\" \/>\n<meta property=\"article:modified_time\" content=\"2023-10-24T06:49:45+00:00\" \/>\n<meta property=\"og:image\" content=\"http:\/\/www.lammetun.no\/wp-content\/uploads\/2019\/06\/20190606_090354-300x225.jpg\" \/>\n<meta name=\"twitter:card\" content=\"summary_large_image\" \/>\n<meta name=\"twitter:label1\" content=\"Ansl. lesetid\" \/>\n\t<meta name=\"twitter:data1\" content=\"3 minutter\" \/>\n<script type=\"application\/ld+json\" class=\"yoast-schema-graph\">{\"@context\":\"https:\\\/\\\/schema.org\",\"@graph\":[{\"@type\":\"WebPage\",\"@id\":\"https:\\\/\\\/www.lammetun.no\\\/?page_id=501\",\"url\":\"https:\\\/\\\/www.lammetun.no\\\/?page_id=501\",\"name\":\"Feriehus - Holiday homes - Lammetun Ferie &amp; Fritid\",\"isPartOf\":{\"@id\":\"https:\\\/\\\/www.lammetun.no\\\/#website\"},\"primaryImageOfPage\":{\"@id\":\"https:\\\/\\\/www.lammetun.no\\\/?page_id=501#primaryimage\"},\"image\":{\"@id\":\"https:\\\/\\\/www.lammetun.no\\\/?page_id=501#primaryimage\"},\"thumbnailUrl\":\"http:\\\/\\\/www.lammetun.no\\\/wp-content\\\/uploads\\\/2019\\\/06\\\/20190606_090354-300x225.jpg\",\"datePublished\":\"2017-10-24T09:50:27+00:00\",\"dateModified\":\"2023-10-24T06:49:45+00:00\",\"breadcrumb\":{\"@id\":\"https:\\\/\\\/www.lammetun.no\\\/?page_id=501#breadcrumb\"},\"inLanguage\":\"nb-NO\",\"potentialAction\":[{\"@type\":\"ReadAction\",\"target\":[\"https:\\\/\\\/www.lammetun.no\\\/?page_id=501\"]}]},{\"@type\":\"ImageObject\",\"inLanguage\":\"nb-NO\",\"@id\":\"https:\\\/\\\/www.lammetun.no\\\/?page_id=501#primaryimage\",\"url\":\"http:\\\/\\\/www.lammetun.no\\\/wp-content\\\/uploads\\\/2019\\\/06\\\/20190606_090354-300x225.jpg\",\"contentUrl\":\"http:\\\/\\\/www.lammetun.no\\\/wp-content\\\/uploads\\\/2019\\\/06\\\/20190606_090354-300x225.jpg\"},{\"@type\":\"BreadcrumbList\",\"@id\":\"https:\\\/\\\/www.lammetun.no\\\/?page_id=501#breadcrumb\",\"itemListElement\":[{\"@type\":\"ListItem\",\"position\":1,\"name\":\"Hjem\",\"item\":\"https:\\\/\\\/www.lammetun.no\\\/\"},{\"@type\":\"ListItem\",\"position\":2,\"name\":\"Feriehus &#8211; Holiday homes\"}]},{\"@type\":\"WebSite\",\"@id\":\"https:\\\/\\\/www.lammetun.no\\\/#website\",\"url\":\"https:\\\/\\\/www.lammetun.no\\\/\",\"name\":\"Lammetun Ferie & Fritid\",\"description\":\"- ei perle i vest\",\"potentialAction\":[{\"@type\":\"SearchAction\",\"target\":{\"@type\":\"EntryPoint\",\"urlTemplate\":\"https:\\\/\\\/www.lammetun.no\\\/?s={search_term_string}\"},\"query-input\":{\"@type\":\"PropertyValueSpecification\",\"valueRequired\":true,\"valueName\":\"search_term_string\"}}],\"inLanguage\":\"nb-NO\"}]}<\/script>\n<!-- \/ Yoast SEO plugin. -->","yoast_head_json":{"title":"Feriehus - Holiday homes - Lammetun Ferie &amp; Fritid","robots":{"index":"index","follow":"follow","max-snippet":"max-snippet:-1","max-image-preview":"max-image-preview:large","max-video-preview":"max-video-preview:-1"},"canonical":"https:\/\/www.lammetun.no\/?page_id=501","og_locale":"nb_NO","og_type":"article","og_title":"Feriehus - Holiday homes - Lammetun Ferie &amp; Fritid","og_description":"Vi leier ut hytter\/feriehus og leiligheter i ulike st\u00f8rrelser\/prisklasser, alle har innlagt vann og str\u00f8m. Klikk deg inn p\u00e5 de forskjellige hyttene\/feriehusene for \u00e5 se bilder og beskrivelse.Mulighet for \u00e5 sette inn reiseseng for barn, barnestol o.l. gi beskjed p\u00e5 forh\u00e5nd.Dyr er tillatt i alle utenom Skuta. (Tillegg for dyr i pris, 300 kr, det &hellip;","og_url":"https:\/\/www.lammetun.no\/?page_id=501","og_site_name":"Lammetun Ferie &amp; Fritid","article_publisher":"https:\/\/www.facebook.com\/lammetun.no\/","article_modified_time":"2023-10-24T06:49:45+00:00","og_image":[{"url":"http:\/\/www.lammetun.no\/wp-content\/uploads\/2019\/06\/20190606_090354-300x225.jpg","type":"","width":"","height":""}],"twitter_card":"summary_large_image","twitter_misc":{"Ansl. lesetid":"3 minutter"},"schema":{"@context":"https:\/\/schema.org","@graph":[{"@type":"WebPage","@id":"https:\/\/www.lammetun.no\/?page_id=501","url":"https:\/\/www.lammetun.no\/?page_id=501","name":"Feriehus - Holiday homes - Lammetun Ferie &amp; Fritid","isPartOf":{"@id":"https:\/\/www.lammetun.no\/#website"},"primaryImageOfPage":{"@id":"https:\/\/www.lammetun.no\/?page_id=501#primaryimage"},"image":{"@id":"https:\/\/www.lammetun.no\/?page_id=501#primaryimage"},"thumbnailUrl":"http:\/\/www.lammetun.no\/wp-content\/uploads\/2019\/06\/20190606_090354-300x225.jpg","datePublished":"2017-10-24T09:50:27+00:00","dateModified":"2023-10-24T06:49:45+00:00","breadcrumb":{"@id":"https:\/\/www.lammetun.no\/?page_id=501#breadcrumb"},"inLanguage":"nb-NO","potentialAction":[{"@type":"ReadAction","target":["https:\/\/www.lammetun.no\/?page_id=501"]}]},{"@type":"ImageObject","inLanguage":"nb-NO","@id":"https:\/\/www.lammetun.no\/?page_id=501#primaryimage","url":"http:\/\/www.lammetun.no\/wp-content\/uploads\/2019\/06\/20190606_090354-300x225.jpg","contentUrl":"http:\/\/www.lammetun.no\/wp-content\/uploads\/2019\/06\/20190606_090354-300x225.jpg"},{"@type":"BreadcrumbList","@id":"https:\/\/www.lammetun.no\/?page_id=501#breadcrumb","itemListElement":[{"@type":"ListItem","position":1,"name":"Hjem","item":"https:\/\/www.lammetun.no\/"},{"@type":"ListItem","position":2,"name":"Feriehus &#8211; Holiday homes"}]},{"@type":"WebSite","@id":"https:\/\/www.lammetun.no\/#website","url":"https:\/\/www.lammetun.no\/","name":"Lammetun Ferie & Fritid","description":"- ei perle i vest","potentialAction":[{"@type":"SearchAction","target":{"@type":"EntryPoint","urlTemplate":"https:\/\/www.lammetun.no\/?s={search_term_string}"},"query-input":{"@type":"PropertyValueSpecification","valueRequired":true,"valueName":"search_term_string"}}],"inLanguage":"nb-NO"}]}},"_links":{"self":[{"href":"https:\/\/www.lammetun.no\/index.php?rest_route=\/wp\/v2\/pages\/501","targetHints":{"allow":["GET"]}}],"collection":[{"href":"https:\/\/www.lammetun.no\/index.php?rest_route=\/wp\/v2\/pages"}],"about":[{"href":"https:\/\/www.lammetun.no\/index.php?rest_route=\/wp\/v2\/types\/page"}],"author":[{"embeddable":true,"href":"https:\/\/www.lammetun.no\/index.php?rest_route=\/wp\/v2\/users\/1"}],"replies":[{"embeddable":true,"href":"https:\/\/www.lammetun.no\/index.php?rest_route=%2Fwp%2Fv2%2Fcomments&post=501"}],"version-history":[{"count":52,"href":"https:\/\/www.lammetun.no\/index.php?rest_route=\/wp\/v2\/pages\/501\/revisions"}],"predecessor-version":[{"id":15279,"href":"https:\/\/www.lammetun.no\/index.php?rest_route=\/wp\/v2\/pages\/501\/revisions\/15279"}],"wp:attachment":[{"href":"https:\/\/www.lammetun.no\/index.php?rest_route=%2Fwp%2Fv2%2Fmedia&parent=501"}],"curies":[{"name":"wp","href":"https:\/\/api.w.org\/{rel}","templated":true}]}}