{"id":21,"date":"2014-01-04T23:54:24","date_gmt":"2014-01-04T22:54:24","guid":{"rendered":"http:\/\/www.lammetun.no\/?page_id=21"},"modified":"2023-10-24T08:51:21","modified_gmt":"2023-10-24T06:51:21","slug":"sjobu","status":"publish","type":"page","link":"https:\/\/www.lammetun.no\/?page_id=21","title":{"rendered":"Bua &#8211; The seahouse"},"content":{"rendered":"\n<h2 class=\"wp-block-heading\">Beskrivelse<\/h2>\n\n\n\n<p class=\"wp-block-paragraph\"><br>Leilighet med 3 rom, 40m2. <br>Koseliig innredet: stue\/kj\u00f8kken i ett rom, med innebygd sovealkove (avskilt med gardin) med 1 dobbeltseng (150cmx200cm). Kj\u00f8kkenbord, satelitt-TV, utgang til balkong.<br>1 rom med to enkle senger (75cmx200cm)<br>Kj\u00f8kkenet har stekeovn\/komfyr, oppvaskemaskin, br\u00f8drister, vannkoker, kaffetrakter, mikrob\u00f8lgeovn, fryser, servise, bestikk, panner og glass\/kopper. <br>bad med dusj og toalett. <br>Elektrisk oppvarming.<br>Balkong, terrasse som er delvis overbygd, terrassem\u00f8bler, grill, utsikt til sj\u00f8. <br>Barnestol\/seng kan settes inn. Wifi (mobilt bredb\u00e5nd) kan bestilles i tillegg.<br>Ikke r\u00f8yk. Dyr er tillatt (300 NOK ekstra)<br><br>&#8211; <img decoding=\"async\" width=\"150\" height=\"200\" class=\"wp-image-14544\" style=\"width: 150px;\" src=\"https:\/\/www.lammetun.no\/wp-content\/uploads\/2022\/07\/HANSVIK_1-scaled.jpg\" alt=\"\" srcset=\"https:\/\/www.lammetun.no\/wp-content\/uploads\/2022\/07\/HANSVIK_1-scaled.jpg 1920w, https:\/\/www.lammetun.no\/wp-content\/uploads\/2022\/07\/HANSVIK_1-225x300.jpg 225w, https:\/\/www.lammetun.no\/wp-content\/uploads\/2022\/07\/HANSVIK_1-768x1024.jpg 768w, https:\/\/www.lammetun.no\/wp-content\/uploads\/2022\/07\/HANSVIK_1-1152x1536.jpg 1152w, https:\/\/www.lammetun.no\/wp-content\/uploads\/2022\/07\/HANSVIK_1-1536x2048.jpg 1536w, https:\/\/www.lammetun.no\/wp-content\/uploads\/2022\/07\/HANSVIK_1-1200x1600.jpg 1200w\" sizes=\"(max-width: 150px) 100vw, 150px\" \/> Mulighet for b\u00e5t &#8211; Hansvik 17 fot\/20HK. Leies i tillegg for 2,500 NOK per uke. <\/p>\n\n\n\n<p class=\"wp-block-paragraph\">Pris per natt: 1,400 NOK + utvask (obligatorisk) 500 NOK.<br>Ved langtidsleige f\u00e5r de avslag i d\u00f8gnpris &#8211; sj\u00e5 tabellen under eller kontakt oss for eit godt tilbud.<br>Inkludert i prisane er 1 sett sengklede\/handklede per person.Book her:<br>Epost: Booking@lammetun.no<br>Tlf: +47 47 28 36 34 <\/p>\n\n\n\n<h2 class=\"wp-block-heading\">Description<\/h2>\n\n\n\n<p class=\"wp-block-paragraph\"><br>3-room apartment 40 m2 on 1st floor. <br>Cosy furnishings: living\/dining room with curtain with 1 double bed (150 cm, length 200 cm), dining table, satellite TV and international TV channels. Exit to the balcony. <br>1 room with 2 beds (75 cm, length 200 cm). <br>Kitchen-\/living room (oven, dishwasher, 3 ceramic glass hob hotplates, toaster, kettle, microwave, freezer, electric coffee machine). <br>Shower\/WC. <br>Electric heating. <br>Balcony, terrace partly roofed. Terrace furniture, barbecue (portable). View of the sea. <br>Facilities: children&#8217;s high chair, baby cot. Internet (WiFi, extra). <br>Please note: non-smoking house. Maximum 1 pet\/ dog allowed. <br>Smoke alarm, fire extinguisher. <br>Freezer approx. 200 l. 924531169<\/p>\n\n\n\n<p class=\"wp-block-paragraph\"><br>Price per night: 1,400 NOK + fee for washing (mandatory) 500 NOK.<br>If you rent for a week or more yo&#8217;ll get a discount in the nightly rate &#8211; see table over or contact us for a good offer.<br>Included in the price is beddings\/towels.<br>Book here:<br>Email: Booking@lammetun.no<br>Tlf: 0047 47283634<\/p>\n\n\n\n<p class=\"has-black-color has-text-color wp-block-paragraph\"><br><br>&#8211; <img decoding=\"async\" width=\"150\" height=\"200\" class=\"wp-image-14544\" style=\"width: 150px;\" src=\"https:\/\/www.lammetun.no\/wp-content\/uploads\/2022\/07\/HANSVIK_1-scaled.jpg\" alt=\"\" srcset=\"https:\/\/www.lammetun.no\/wp-content\/uploads\/2022\/07\/HANSVIK_1-scaled.jpg 1920w, https:\/\/www.lammetun.no\/wp-content\/uploads\/2022\/07\/HANSVIK_1-225x300.jpg 225w, https:\/\/www.lammetun.no\/wp-content\/uploads\/2022\/07\/HANSVIK_1-768x1024.jpg 768w, https:\/\/www.lammetun.no\/wp-content\/uploads\/2022\/07\/HANSVIK_1-1152x1536.jpg 1152w, https:\/\/www.lammetun.no\/wp-content\/uploads\/2022\/07\/HANSVIK_1-1536x2048.jpg 1536w, https:\/\/www.lammetun.no\/wp-content\/uploads\/2022\/07\/HANSVIK_1-1200x1600.jpg 1200w\" sizes=\"(max-width: 150px) 100vw, 150px\" \/> Possibility for boat rental &#8211; Hansvik 17 feet\/20HP. In addition to the cabin, 2,500 NOk per week. <\/p>\n\n\n\n<p class=\"wp-block-paragraph\">\/Certified fishing house (up to 18 kg fish) &laquo;Sj\u00f8bua&raquo;. <br>8 km from the centre of Gryt\u00f8yra, 58 km from the centre of Lavik, 83 km from the centre of F\u00f8rde, 1 m at the seaside. <br>For shared use: property. Bathing jetty. Fish-processing table. <br>In the complex: washing machine, tumble dryer (for shared use, extra). <br>Motor boat (on order), parking on the premises. <br>Shop 8 km, bus stop &laquo;Lammetun&raquo; 100 m, railway station &laquo;Bergen&raquo; 170 km, ferry &laquo;Bergen&raquo; 170 km. Fishing possibilities 20 m. Please note: the owner lives on the same property. Covered table for fish gutting with running water at the house.<\/p>\n\n\n\n<figure class=\"wp-block-gallery has-nested-images columns-6 is-cropped wp-block-gallery-1 is-layout-flex wp-block-gallery-is-layout-flex\">\n<figure class=\"wp-block-image size-medium\"><a href=\"https:\/\/www.lammetun.no\/wp-content\/uploads\/2022\/07\/sjobua-ute.png\" target=\"_blank\" rel=\"noopener\"><img fetchpriority=\"high\" decoding=\"async\" width=\"300\" height=\"252\" data-id=\"14589\" src=\"https:\/\/www.lammetun.no\/wp-content\/uploads\/2022\/07\/sjobua-ute-300x252.png\" alt=\"\" class=\"wp-image-14589\" srcset=\"https:\/\/www.lammetun.no\/wp-content\/uploads\/2022\/07\/sjobua-ute-300x252.png 300w, https:\/\/www.lammetun.no\/wp-content\/uploads\/2022\/07\/sjobua-ute.png 725w\" sizes=\"(max-width: 300px) 100vw, 300px\" \/><\/a><\/figure>\n\n\n\n<figure class=\"wp-block-image size-medium\"><a href=\"https:\/\/www.lammetun.no\/wp-content\/uploads\/2022\/07\/HANSVIK_1-scaled.jpg\" target=\"_blank\" rel=\"noopener\"><img decoding=\"async\" width=\"225\" height=\"300\" data-id=\"14544\" src=\"https:\/\/www.lammetun.no\/wp-content\/uploads\/2022\/07\/HANSVIK_1-225x300.jpg\" alt=\"\" class=\"wp-image-14544\" srcset=\"https:\/\/www.lammetun.no\/wp-content\/uploads\/2022\/07\/HANSVIK_1-225x300.jpg 225w, https:\/\/www.lammetun.no\/wp-content\/uploads\/2022\/07\/HANSVIK_1-768x1024.jpg 768w, https:\/\/www.lammetun.no\/wp-content\/uploads\/2022\/07\/HANSVIK_1-1152x1536.jpg 1152w, https:\/\/www.lammetun.no\/wp-content\/uploads\/2022\/07\/HANSVIK_1-1536x2048.jpg 1536w, https:\/\/www.lammetun.no\/wp-content\/uploads\/2022\/07\/HANSVIK_1-1200x1600.jpg 1200w, https:\/\/www.lammetun.no\/wp-content\/uploads\/2022\/07\/HANSVIK_1-scaled.jpg 1920w\" sizes=\"(max-width: 225px) 100vw, 225px\" \/><\/a><\/figure>\n\n\n\n<figure class=\"wp-block-image size-medium\"><a href=\"https:\/\/www.lammetun.no\/wp-content\/uploads\/2019\/11\/Foto-2-Romantisk-utflukt-i-vest1.jpg\" target=\"_blank\" rel=\"noopener\"><img loading=\"lazy\" decoding=\"async\" width=\"300\" height=\"225\" data-id=\"12964\" src=\"https:\/\/www.lammetun.no\/wp-content\/uploads\/2019\/11\/Foto-2-Romantisk-utflukt-i-vest1-300x225.jpg\" alt=\"\" class=\"wp-image-12964\" srcset=\"https:\/\/www.lammetun.no\/wp-content\/uploads\/2019\/11\/Foto-2-Romantisk-utflukt-i-vest1-300x225.jpg 300w, https:\/\/www.lammetun.no\/wp-content\/uploads\/2019\/11\/Foto-2-Romantisk-utflukt-i-vest1-768x576.jpg 768w, https:\/\/www.lammetun.no\/wp-content\/uploads\/2019\/11\/Foto-2-Romantisk-utflukt-i-vest1-1024x768.jpg 1024w, https:\/\/www.lammetun.no\/wp-content\/uploads\/2019\/11\/Foto-2-Romantisk-utflukt-i-vest1-850x638.jpg 850w\" sizes=\"(max-width: 300px) 100vw, 300px\" \/><\/a><\/figure>\n\n\n\n<figure class=\"wp-block-image size-medium\"><a href=\"https:\/\/www.lammetun.no\/wp-content\/uploads\/2022\/07\/bilde-sjobua-kjokken-og-alkove.png\" target=\"_blank\" rel=\"noopener\"><img loading=\"lazy\" decoding=\"async\" width=\"300\" height=\"218\" data-id=\"14598\" src=\"https:\/\/www.lammetun.no\/wp-content\/uploads\/2022\/07\/bilde-sjobua-kjokken-og-alkove-300x218.png\" alt=\"\" class=\"wp-image-14598\" srcset=\"https:\/\/www.lammetun.no\/wp-content\/uploads\/2022\/07\/bilde-sjobua-kjokken-og-alkove-300x218.png 300w, https:\/\/www.lammetun.no\/wp-content\/uploads\/2022\/07\/bilde-sjobua-kjokken-og-alkove.png 728w\" sizes=\"(max-width: 300px) 100vw, 300px\" \/><\/a><\/figure>\n\n\n\n<figure class=\"wp-block-image size-medium\"><a href=\"https:\/\/www.lammetun.no\/wp-content\/uploads\/2022\/07\/sjobua-alkove.png\" target=\"_blank\" rel=\"noopener\"><img loading=\"lazy\" decoding=\"async\" width=\"300\" height=\"234\" data-id=\"14601\" src=\"https:\/\/www.lammetun.no\/wp-content\/uploads\/2022\/07\/sjobua-alkove-300x234.png\" alt=\"\" class=\"wp-image-14601\" srcset=\"https:\/\/www.lammetun.no\/wp-content\/uploads\/2022\/07\/sjobua-alkove-300x234.png 300w, https:\/\/www.lammetun.no\/wp-content\/uploads\/2022\/07\/sjobua-alkove.png 714w\" sizes=\"(max-width: 300px) 100vw, 300px\" \/><\/a><\/figure>\n\n\n\n<figure class=\"wp-block-image size-medium\"><a href=\"https:\/\/www.lammetun.no\/wp-content\/uploads\/2022\/07\/sjobua_nyevindu.png\" target=\"_blank\" rel=\"noopener\"><img loading=\"lazy\" decoding=\"async\" width=\"300\" height=\"225\" data-id=\"14604\" src=\"https:\/\/www.lammetun.no\/wp-content\/uploads\/2022\/07\/sjobua_nyevindu-300x225.png\" alt=\"\" class=\"wp-image-14604\" srcset=\"https:\/\/www.lammetun.no\/wp-content\/uploads\/2022\/07\/sjobua_nyevindu-300x225.png 300w, https:\/\/www.lammetun.no\/wp-content\/uploads\/2022\/07\/sjobua_nyevindu-768x576.png 768w, https:\/\/www.lammetun.no\/wp-content\/uploads\/2022\/07\/sjobua_nyevindu.png 820w\" sizes=\"(max-width: 300px) 100vw, 300px\" \/><\/a><\/figure>\n\n\n\n<figure class=\"wp-block-image size-medium\"><a href=\"https:\/\/www.lammetun.no\/wp-content\/uploads\/2022\/07\/bilde-sjobua-kjokken-og-alkove-1.png\" target=\"_blank\" rel=\"noopener\"><img loading=\"lazy\" decoding=\"async\" width=\"300\" height=\"218\" data-id=\"14610\" src=\"https:\/\/www.lammetun.no\/wp-content\/uploads\/2022\/07\/bilde-sjobua-kjokken-og-alkove-1-300x218.png\" alt=\"\" class=\"wp-image-14610\" srcset=\"https:\/\/www.lammetun.no\/wp-content\/uploads\/2022\/07\/bilde-sjobua-kjokken-og-alkove-1-300x218.png 300w, https:\/\/www.lammetun.no\/wp-content\/uploads\/2022\/07\/bilde-sjobua-kjokken-og-alkove-1.png 728w\" sizes=\"(max-width: 300px) 100vw, 300px\" \/><\/a><\/figure>\n\n\n\n<figure class=\"wp-block-image size-medium\"><a href=\"https:\/\/www.lammetun.no\/wp-content\/uploads\/2022\/07\/Rom-under-Sjobua-scaled.jpg\" target=\"_blank\" rel=\"noopener\"><img loading=\"lazy\" decoding=\"async\" width=\"300\" height=\"225\" data-id=\"14613\" src=\"https:\/\/www.lammetun.no\/wp-content\/uploads\/2022\/07\/Rom-under-Sjobua-300x225.jpg\" alt=\"\" class=\"wp-image-14613\" srcset=\"https:\/\/www.lammetun.no\/wp-content\/uploads\/2022\/07\/Rom-under-Sjobua-300x225.jpg 300w, https:\/\/www.lammetun.no\/wp-content\/uploads\/2022\/07\/Rom-under-Sjobua-1024x768.jpg 1024w, https:\/\/www.lammetun.no\/wp-content\/uploads\/2022\/07\/Rom-under-Sjobua-768x576.jpg 768w, https:\/\/www.lammetun.no\/wp-content\/uploads\/2022\/07\/Rom-under-Sjobua-1536x1152.jpg 1536w, https:\/\/www.lammetun.no\/wp-content\/uploads\/2022\/07\/Rom-under-Sjobua-2048x1536.jpg 2048w, https:\/\/www.lammetun.no\/wp-content\/uploads\/2022\/07\/Rom-under-Sjobua-1200x900.jpg 1200w\" sizes=\"(max-width: 300px) 100vw, 300px\" \/><\/a><\/figure>\n\n\n\n<figure class=\"wp-block-image size-medium\"><a href=\"https:\/\/www.lammetun.no\/wp-content\/uploads\/2022\/07\/sjobua-soverom.png\" target=\"_blank\" rel=\"noopener\"><img loading=\"lazy\" decoding=\"async\" width=\"300\" height=\"240\" data-id=\"14616\" src=\"https:\/\/www.lammetun.no\/wp-content\/uploads\/2022\/07\/sjobua-soverom-300x240.png\" alt=\"\" class=\"wp-image-14616\" srcset=\"https:\/\/www.lammetun.no\/wp-content\/uploads\/2022\/07\/sjobua-soverom-300x240.png 300w, https:\/\/www.lammetun.no\/wp-content\/uploads\/2022\/07\/sjobua-soverom.png 721w\" sizes=\"(max-width: 300px) 100vw, 300px\" \/><\/a><\/figure>\n\n\n\n<figure class=\"wp-block-image size-medium\"><a href=\"https:\/\/www.lammetun.no\/wp-content\/uploads\/2019\/11\/cropped-Foto-5-Padling-i-solnedgang-1-1.jpg\" target=\"_blank\" rel=\"noopener\"><img decoding=\"async\" data-id=\"14022\" src=\"https:\/\/www.lammetun.no\/wp-content\/uploads\/2019\/11\/cropped-Foto-5-Padling-i-solnedgang-1-1-300x180.jpg\" alt=\"\" class=\"wp-image-14022\"\/><\/a><\/figure>\n\n\n\n<figure class=\"wp-block-image size-medium\"><a href=\"https:\/\/www.lammetun.no\/wp-content\/uploads\/2019\/07\/20190624_232248-1.jpg\" target=\"_blank\" rel=\"noopener\"><img decoding=\"async\" data-id=\"12533\" src=\"https:\/\/www.lammetun.no\/wp-content\/uploads\/2019\/07\/20190624_232248-1-300x225.jpg\" alt=\"\" class=\"wp-image-12533\"\/><\/a><\/figure>\n<\/figure>\n","protected":false},"excerpt":{"rendered":"<p>Beskrivelse Leilighet med 3 rom, 40m2. Koseliig innredet: stue\/kj\u00f8kken i ett rom, med innebygd sovealkove (avskilt med gardin) med 1 dobbeltseng (150cmx200cm). Kj\u00f8kkenbord, satelitt-TV, utgang til balkong.1 rom med to enkle senger (75cmx200cm)Kj\u00f8kkenet har stekeovn\/komfyr, oppvaskemaskin, br\u00f8drister, vannkoker, kaffetrakter, mikrob\u00f8lgeovn, fryser, servise, bestikk, panner og glass\/kopper. bad med dusj og toalett. Elektrisk oppvarming.Balkong, terrasse som &hellip; <\/p>\n","protected":false},"author":1,"featured_media":14589,"parent":0,"menu_order":0,"comment_status":"closed","ping_status":"open","template":"","meta":{"_crdt_document":"","footnotes":""},"class_list":["post-21","page","type-page","status-publish","has-post-thumbnail","hentry"],"yoast_head":"<!-- This site is optimized with the Yoast SEO plugin v27.5 - https:\/\/yoast.com\/product\/yoast-seo-wordpress\/ -->\n<title>Bua - The seahouse - Lammetun Ferie &amp; Fritid<\/title>\n<meta name=\"description\" content=\"Idyllisk feriehus p\u00e5 kaikanten til leie p\u00e5 Lammetun! Ca. 3 timers kj\u00f8ring fra Bergen. Perfekt for par eller den lille familie. Maks 4 personer.\" \/>\n<meta name=\"robots\" content=\"index, follow, max-snippet:-1, max-image-preview:large, max-video-preview:-1\" \/>\n<link rel=\"canonical\" href=\"https:\/\/www.lammetun.no\/?page_id=21\" \/>\n<meta property=\"og:locale\" content=\"nb_NO\" \/>\n<meta property=\"og:type\" content=\"article\" \/>\n<meta property=\"og:title\" content=\"Bua - The seahouse - Lammetun Ferie &amp; Fritid\" \/>\n<meta property=\"og:description\" content=\"Idyllisk feriehus p\u00e5 kaikanten til leie p\u00e5 Lammetun! Ca. 3 timers kj\u00f8ring fra Bergen. Perfekt for par eller den lille familie. Maks 4 personer.\" \/>\n<meta property=\"og:url\" content=\"https:\/\/www.lammetun.no\/?page_id=21\" \/>\n<meta property=\"og:site_name\" content=\"Lammetun Ferie &amp; Fritid\" \/>\n<meta property=\"article:publisher\" content=\"https:\/\/www.facebook.com\/lammetun.no\/\" \/>\n<meta property=\"article:modified_time\" content=\"2023-10-24T06:51:21+00:00\" \/>\n<meta property=\"og:image\" content=\"https:\/\/www.lammetun.no\/wp-content\/uploads\/2022\/07\/sjobua-ute.png\" \/>\n\t<meta property=\"og:image:width\" content=\"725\" \/>\n\t<meta property=\"og:image:height\" content=\"610\" \/>\n\t<meta property=\"og:image:type\" content=\"image\/png\" \/>\n<meta name=\"twitter:card\" content=\"summary_large_image\" \/>\n<meta name=\"twitter:label1\" content=\"Ansl. lesetid\" \/>\n\t<meta name=\"twitter:data1\" content=\"5 minutter\" \/>\n<script type=\"application\/ld+json\" class=\"yoast-schema-graph\">{\"@context\":\"https:\\\/\\\/schema.org\",\"@graph\":[{\"@type\":\"WebPage\",\"@id\":\"https:\\\/\\\/www.lammetun.no\\\/?page_id=21\",\"url\":\"https:\\\/\\\/www.lammetun.no\\\/?page_id=21\",\"name\":\"Bua - The seahouse - Lammetun Ferie &amp; Fritid\",\"isPartOf\":{\"@id\":\"https:\\\/\\\/www.lammetun.no\\\/#website\"},\"primaryImageOfPage\":{\"@id\":\"https:\\\/\\\/www.lammetun.no\\\/?page_id=21#primaryimage\"},\"image\":{\"@id\":\"https:\\\/\\\/www.lammetun.no\\\/?page_id=21#primaryimage\"},\"thumbnailUrl\":\"https:\\\/\\\/www.lammetun.no\\\/wp-content\\\/uploads\\\/2022\\\/07\\\/sjobua-ute.png\",\"datePublished\":\"2014-01-04T22:54:24+00:00\",\"dateModified\":\"2023-10-24T06:51:21+00:00\",\"description\":\"Idyllisk feriehus p\u00e5 kaikanten til leie p\u00e5 Lammetun! Ca. 3 timers kj\u00f8ring fra Bergen. Perfekt for par eller den lille familie. Maks 4 personer.\",\"breadcrumb\":{\"@id\":\"https:\\\/\\\/www.lammetun.no\\\/?page_id=21#breadcrumb\"},\"inLanguage\":\"nb-NO\",\"potentialAction\":[{\"@type\":\"ReadAction\",\"target\":[\"https:\\\/\\\/www.lammetun.no\\\/?page_id=21\"]}]},{\"@type\":\"ImageObject\",\"inLanguage\":\"nb-NO\",\"@id\":\"https:\\\/\\\/www.lammetun.no\\\/?page_id=21#primaryimage\",\"url\":\"https:\\\/\\\/www.lammetun.no\\\/wp-content\\\/uploads\\\/2022\\\/07\\\/sjobua-ute.png\",\"contentUrl\":\"https:\\\/\\\/www.lammetun.no\\\/wp-content\\\/uploads\\\/2022\\\/07\\\/sjobua-ute.png\",\"width\":725,\"height\":610},{\"@type\":\"BreadcrumbList\",\"@id\":\"https:\\\/\\\/www.lammetun.no\\\/?page_id=21#breadcrumb\",\"itemListElement\":[{\"@type\":\"ListItem\",\"position\":1,\"name\":\"Hjem\",\"item\":\"https:\\\/\\\/www.lammetun.no\\\/\"},{\"@type\":\"ListItem\",\"position\":2,\"name\":\"Bua &#8211; The seahouse\"}]},{\"@type\":\"WebSite\",\"@id\":\"https:\\\/\\\/www.lammetun.no\\\/#website\",\"url\":\"https:\\\/\\\/www.lammetun.no\\\/\",\"name\":\"Lammetun Ferie & Fritid\",\"description\":\"- ei perle i vest\",\"potentialAction\":[{\"@type\":\"SearchAction\",\"target\":{\"@type\":\"EntryPoint\",\"urlTemplate\":\"https:\\\/\\\/www.lammetun.no\\\/?s={search_term_string}\"},\"query-input\":{\"@type\":\"PropertyValueSpecification\",\"valueRequired\":true,\"valueName\":\"search_term_string\"}}],\"inLanguage\":\"nb-NO\"}]}<\/script>\n<!-- \/ Yoast SEO plugin. -->","yoast_head_json":{"title":"Bua - The seahouse - Lammetun Ferie &amp; Fritid","description":"Idyllisk feriehus p\u00e5 kaikanten til leie p\u00e5 Lammetun! Ca. 3 timers kj\u00f8ring fra Bergen. Perfekt for par eller den lille familie. Maks 4 personer.","robots":{"index":"index","follow":"follow","max-snippet":"max-snippet:-1","max-image-preview":"max-image-preview:large","max-video-preview":"max-video-preview:-1"},"canonical":"https:\/\/www.lammetun.no\/?page_id=21","og_locale":"nb_NO","og_type":"article","og_title":"Bua - The seahouse - Lammetun Ferie &amp; Fritid","og_description":"Idyllisk feriehus p\u00e5 kaikanten til leie p\u00e5 Lammetun! Ca. 3 timers kj\u00f8ring fra Bergen. Perfekt for par eller den lille familie. Maks 4 personer.","og_url":"https:\/\/www.lammetun.no\/?page_id=21","og_site_name":"Lammetun Ferie &amp; Fritid","article_publisher":"https:\/\/www.facebook.com\/lammetun.no\/","article_modified_time":"2023-10-24T06:51:21+00:00","og_image":[{"width":725,"height":610,"url":"https:\/\/www.lammetun.no\/wp-content\/uploads\/2022\/07\/sjobua-ute.png","type":"image\/png"}],"twitter_card":"summary_large_image","twitter_misc":{"Ansl. lesetid":"5 minutter"},"schema":{"@context":"https:\/\/schema.org","@graph":[{"@type":"WebPage","@id":"https:\/\/www.lammetun.no\/?page_id=21","url":"https:\/\/www.lammetun.no\/?page_id=21","name":"Bua - The seahouse - Lammetun Ferie &amp; Fritid","isPartOf":{"@id":"https:\/\/www.lammetun.no\/#website"},"primaryImageOfPage":{"@id":"https:\/\/www.lammetun.no\/?page_id=21#primaryimage"},"image":{"@id":"https:\/\/www.lammetun.no\/?page_id=21#primaryimage"},"thumbnailUrl":"https:\/\/www.lammetun.no\/wp-content\/uploads\/2022\/07\/sjobua-ute.png","datePublished":"2014-01-04T22:54:24+00:00","dateModified":"2023-10-24T06:51:21+00:00","description":"Idyllisk feriehus p\u00e5 kaikanten til leie p\u00e5 Lammetun! Ca. 3 timers kj\u00f8ring fra Bergen. Perfekt for par eller den lille familie. Maks 4 personer.","breadcrumb":{"@id":"https:\/\/www.lammetun.no\/?page_id=21#breadcrumb"},"inLanguage":"nb-NO","potentialAction":[{"@type":"ReadAction","target":["https:\/\/www.lammetun.no\/?page_id=21"]}]},{"@type":"ImageObject","inLanguage":"nb-NO","@id":"https:\/\/www.lammetun.no\/?page_id=21#primaryimage","url":"https:\/\/www.lammetun.no\/wp-content\/uploads\/2022\/07\/sjobua-ute.png","contentUrl":"https:\/\/www.lammetun.no\/wp-content\/uploads\/2022\/07\/sjobua-ute.png","width":725,"height":610},{"@type":"BreadcrumbList","@id":"https:\/\/www.lammetun.no\/?page_id=21#breadcrumb","itemListElement":[{"@type":"ListItem","position":1,"name":"Hjem","item":"https:\/\/www.lammetun.no\/"},{"@type":"ListItem","position":2,"name":"Bua &#8211; The seahouse"}]},{"@type":"WebSite","@id":"https:\/\/www.lammetun.no\/#website","url":"https:\/\/www.lammetun.no\/","name":"Lammetun Ferie & Fritid","description":"- ei perle i vest","potentialAction":[{"@type":"SearchAction","target":{"@type":"EntryPoint","urlTemplate":"https:\/\/www.lammetun.no\/?s={search_term_string}"},"query-input":{"@type":"PropertyValueSpecification","valueRequired":true,"valueName":"search_term_string"}}],"inLanguage":"nb-NO"}]}},"_links":{"self":[{"href":"https:\/\/www.lammetun.no\/index.php?rest_route=\/wp\/v2\/pages\/21","targetHints":{"allow":["GET"]}}],"collection":[{"href":"https:\/\/www.lammetun.no\/index.php?rest_route=\/wp\/v2\/pages"}],"about":[{"href":"https:\/\/www.lammetun.no\/index.php?rest_route=\/wp\/v2\/types\/page"}],"author":[{"embeddable":true,"href":"https:\/\/www.lammetun.no\/index.php?rest_route=\/wp\/v2\/users\/1"}],"replies":[{"embeddable":true,"href":"https:\/\/www.lammetun.no\/index.php?rest_route=%2Fwp%2Fv2%2Fcomments&post=21"}],"version-history":[{"count":33,"href":"https:\/\/www.lammetun.no\/index.php?rest_route=\/wp\/v2\/pages\/21\/revisions"}],"predecessor-version":[{"id":15282,"href":"https:\/\/www.lammetun.no\/index.php?rest_route=\/wp\/v2\/pages\/21\/revisions\/15282"}],"wp:featuredmedia":[{"embeddable":true,"href":"https:\/\/www.lammetun.no\/index.php?rest_route=\/wp\/v2\/media\/14589"}],"wp:attachment":[{"href":"https:\/\/www.lammetun.no\/index.php?rest_route=%2Fwp%2Fv2%2Fmedia&parent=21"}],"curies":[{"name":"wp","href":"https:\/\/api.w.org\/{rel}","templated":true}]}}